+ 5 - 13.
9
What is -5 - (1 - 1) - (67 + -21 + -50)?
-1
What is the value of (30 - 28) + -31 - -24?
-5
What is the value of (-8 - -15) + -1 + -3 - -1?
4
0 - (0 + -23) - (30 + -22)
15
Evaluate 7 + -47 + (14 - 6 - -6).
-26
Evaluate -11 - 0 - -14 - (-15 - -4).
14
2 + 1 + -2 - (-6 - -7)
0
What is the value of (7 - (-24 - -35)) + 15?
11
Calculate 1 - (0 - 3) - (-257 - -272).
-11
Evaluate -6 + -7 + 0 + (-1 - -11) - 2.
-5
Evaluate -19 + 25 - (2 + -8).
12
Calculate 0 - -16 - (-6 + 25 + -13) - 34.
-24
13 + (36 - 19) + -2
28
Calculate -9 + (-9 + 17 - 18 - -9).
-10
What is the value of (3 - 0) + 1 - (358 + -345)?
-9
Evaluate -1 + 2 + 0 - (35 + -41).
7
Evaluate 6 + (17 - 14) + 7.
16
Evaluate -17 + (-4 - -5) + 19 + 3.
6
What is -2 + 1 - -1 - (1 - (-23 + 12))?
-12
Calculate -1310 - -1360 - (22 + 0).
28
2 - (-17 + 13 + (12 - 19))
13
What is the value of 11 + (3 - (10 - -11))?
-7
28 - 22 - -19 - -3
28
(-1 - 7 - -2) + -4 + 17
7
Evaluate (-11 - 3) + (69 - 73).
-18
Evaluate (-10 - ((0 - 4) + 33 + -43)) + -8.
-4
What is -5 + 2 - -14 - (-12 - (-9 - 5))?
9
What is -10 + -1 + (9 - 4)?
-6
What is 15 + -1 + (94 - 92)?
16
Evaluate (4 - 1) + (-4 - 11 - 11).
-23
Evaluate 0 + (-3 - 2) + 3 - (-2 + -2).
2
Evaluate (-2 - 22) + 23 + -6.
-7
-24 - -37 - (1 + 15)
-3
Evaluate (20 - (39 - -2)) + 8 - (-1 - -4).
-16
What is the value of -13 - (-44 + 34 + 18 - (-1 - -12))?
-10
Calculate (20 - 25 - (-1 - 12)) + -5 + -9.
-6
2 + -1 + (0 - ((-6 - -1) + 4))
2
Evaluate 8 + (-12 - -3) + -27 + -8.
-36
What is 34 + -14 - 6 - 7?
7
Calculate -6089 - -6094 - (2 + 1 + -2 + 25).
-21
What is the value of 20 + -3 + (-5 - -8 - 9)?
11
Evaluate (-9 - 0) + -1 + 8 + -2 + -2.
-6
What is -642 - -593 - (-23 - -1)?
-27
Evaluate 5 + -11 + -2 - (-2 - -4).
-10
Evaluate (-17 + (-3 - -4) - -1) + (18 - 12).
-9
Evaluate 3 + -13 + (46 - 55).
-19
(-7 - -3) + 8 + (-76 - -89)
17
What is 11 + (10 + 1 - (-291 + 295))?
18
What is (17 - -2) + (92 - 100)?
11
Evaluate 4 + (4 - -1) - -8.
17
28 + -43 + 28 - (-1 + 17)
-3
40 + (6 - 0 - (-23 + (25 - -6)))
38
(12 + -13 - 10) + (43 + -5 - 2)
25
(-16 - -2) + (-59 - -63)
-10
What is 2 + (7 + 5 - 19)?
-5
Evaluate (11 - (-1 + -5 + 8 + 3)) + -22.
-16
What is the value of (31 - 28) + -4 + 9?
8
-28 + (11 + -4 - -6)
-15
Evaluate 1 - (-6 + 8 - 26) - 10.
15
3 + 2 + -1 - (-2 - (13 + -11))
8
Evaluate 2 + (6 - ((7 - 1) + -3)).
5
Calculate 1 + 0 + (0 - 1) + -11 + 14.
3
What is the value of -8 + (19 - 4) - (4 - (4 + -14))?
-7
Calculate (1 - -8) + (22 - (0 - -24)) + -3.
4
What is the value of 9 + 17 + -5 + -27?
-6
What is -6 + (104 - 109 - (0 - (-3 - -2)))?
-12
1 + 1 + (-70 - -78)
10
-7 + -4 + 8 + (-5 - -2)
-6
Calculate 1260 - 1262 - (1 + 8 - 0).
-11
Evaluate 5 + 0 + -35 + -2 + 13 + 9.
-10
What is 33 - (-46 + 27 + 41)?
11
Calculate -33 - (-26 - (-2 + -8)).
-17
What is the value of -2 + -10 + (40 - 40)?
-12
Calculate 1 + 2 + (-22 - -13) + -3.
-9
What is the value of (3 - (0 - -2)) + (-3 - -12 - 8)?
2
What is (18 + -1 - (42 + -24)) + 34 + 0?
33
-58 - -65 - (1 + -10)
16
Evaluate (-3 + 0 - (-13 + 14)) + (-130 - -127).
-7
Calculate 1 + -1 - (34 + (-27 - -21)).
-28
What is the value of -4 + 3 + -2 + (26 - 32) + -3?
-12
-13 - (12 + (-17 - 5))
-3
(-24 + 0 - (781 + -794)) + (7 - 1)
-5
Calculate 4 - (22 + -22 + 11).
-7
What is (-1 - -2) + -2 + -2 + (7 - 12)?
-8
Evaluate 10 + (-11 + 12 + 9 - 5).
15
10 - (25 + -5 - (-15 - -22))
-3
Evaluate -44 + 22 - (-7 - -3).
-18
Calculate -4 + -28 + (4 - (-8 + 5)).
-25
What is the value of (79 - 115) + (2 + 3 - -2)?
-29
3 - (10 + 12 - 12) - -3
-4
Calculate (2 - 2) + 6 - (16 - 1 - 26).
17
Evaluate 9 - (1 + -7 + 8 + 8 + -6).
5
Calculate -8 + -4 + 31 + -30.
-11
What is -12 + -1 + -3 + (15 - (6 + 4))?
-11
What is -12 + 26 + -24 + 4 + (3 - 1)?
-4
What is -2 + (1 - -6) + -10 + 5?
0
What is the value of 7 - (9 + -4 + (1 - 4))?
5
-3 - (-30 + (19 - 12))
20
What is -15 + 6 + -9 - 0 - (-1 + -3)?
-14
What is the value of (-5 + -4 - (-32 + 23)) + 5?
5
42 + -60 + 14 + -1
-5
What is (41 + -33 - (11 - 0)) + 0?
-3
Calculate 8 - (16 - 11) - 9.
-6
What is -4 - ((-1 - 6) + 10 + -4) - -5?
2
Evaluate -7 + (4 - -9) + 14 + -3.
17
1 - -9 - (-6 - (-12 - (-5 + 2)))
7
What is -62 - ((-6 - -32) + -57)?
-31
What is the value of 3 - (-5 + 3 + -4 + 19)?
-10
What is (12 - 7 - -6) + -2?
9
-1 + 9 + -9 + 12 - 3
8
What is 1 + -3 + -29 + 3 + 7 + -3?
-24
Calculate 2 + 2 + (-4 - 42) + 12.
-30
What is 39 + (0 - 18) - 2?
19
Evaluate -37 - -24 - (0 - -3 - 8) - 2.
-10
Evaluate -11 + 1 - (-560 + 525).
25
Calculate (38 - (7 + 30)) + (1 - 12) + 48.
38
15 + 14 - (21 + 0)
8
Evaluate 4 + -2 - (-8 + 1 + 2 + 7).
0
Evaluate (-10 - ((-2 - 5) + (-8 - -8))) + -8.
-11
Calculate 1 - ((-2 - -4) + 3 + (11 - 22)).
7
Evaluate (-17 - (-47 - -4)) + 0 + 0.
26
7 + -15 + 7 + 13
12
14 + 1 + -12 - 2 - 2
-1
Calculate 4 - 23 - (-13 + 3 + 4).
-13
Evaluate -7 - ((5 - (-24 + 13)) + -2).
-21
Calculate -9 + (-4 - (-5 + (0 - 9))).
1
What is the value of (-3 - 2) + (-12 - 5 - -8 - -34)?
20
What is -6 + (16 - -8) + -8 - -5?
15
What is the value of -3 + 7 + (7 - (4 + -2))?
9
Calculate -15 + 0 + 16 - 4.
-3
Evaluate 0 - 13 - (-9 - (-8 + 13 + -22)).
-21
9 + 4 + -3 + -477 + 475
8
What is the value of -35 + 45 + -5 + 1?
6
Calculate 14 - (7 - (19 + (7 - 14))).
19
Calculate 0 + (11 - (15 - 6)).
2
What is the value of (-379 - -371) + (28 - 1)?
19
What is the value of 3 - 10 - (-30 + 37)?
-14
What is -25 + 6 + (-5 - -3) + -1 - -6?
-16
-2 + -7 + 13 - (-2 - -8)
-2
Calculate -4 + 6 + (0 - -7 - 0) + -26.
-17
What is 7 - ((-8 - -6) + -4 + -2) - 7?
8
Evaluate -5 + (-12 - -22) - 19 - -10.
-4
Evaluate -17 - -3 - -4 - (9 - 34 - -30).
-15
What is -17 + (4 - 5 - -20)?
2
What is 9 + -1 + 18 - 45?
-19
-1 + (-3 - (-16 - -7)) + (-7 - -2)
0
Calculate -21 - (4 + 3 + -34).
6
What is the value of -3 - -23 - ((-17 - 2) + 27)?
12
What is the value of 262 + -260 + -12 + 2 + 0?
-8
(-4 - -5) + (-10 - (5 - 10 - -9))
-13
0 - 9 - ((4 - -2) + 1 - 13)
-3
Calculate 8 + (-9 + 7 + 13 - 8).
11
Evaluate 3 + -5 + -3 - (-3 - 13 - -23).
-12
What is -32 - -12 - (7 - 5 - (5 + -1))?
-18
What is the value of 4 + -30 + 11 + 0 - -42?
27
What is the value of 8 + 14 + (-1 + 5 - 10) + -2?
14
What is the value of -8 + 5 + (-3 - 5 - 0) + -6?
-17
What is 2 - (-3 + -4) - (11 + 15)?
-17
What is the value of 0 + 1 + (-1 - -5) + -108 + 104?
1
What is the value of -7 + -1 + (-3 - -17)?
6
Evaluate (3 - (0 - 5)) + (-22 - 12).
-26
What is 4 - ((11 - (17 - 12)) + -4 + -13)?
15
Evaluate -8 + 3 + -3 - -6 - 11.
-13
6 + ((-10 - 2) + 7 - -2)
3
What is 65 + -81 - (0 + -13)?
-3
What is -8 - (-11 - (-30 + 7))?
-20
1 - ((-9 - -25) + -8 - (-1 - -2))
-6
What is (-3 + -1 - 0) + 2 - -2?
0
Evaluate 3 + (5 - (4 + (6 - (-3 - -3)))).
-2
Evaluate (-2 - 0) + 5 + -3 + 2.
2
-2 + (3 + 12 - 9)
4
-15 - (-7 + (15 - 9))
-14
Calculate 21 + 4 + (-3 - 5).
17
What is the value of 17 - (37 + -10) - -32?
22
Calculate -21 + -17 + (11 - -16).
-11
What is the value of -13 + -15 + (16 - -7) + (21 - 1)?
15
Evaluate (-27 - 0 - (-156 - -152)) + 1.
-22
What is the value of -71 + -18 + 49 + 61?
21
Calculate (4 - 0) + (-12 - -14) + (5 - 10).
1
Calculate 49 - 3 - (413 + -404).
37
-22 + -5 + (24 - 12) + 24
9
What is 32 + -15 + -5 + 4?
16
Calculate 22 + -44 + (-1 - -46).
23
Calculate (-8 - (-8 + 4)) + -8.
-12
Calculate 28 + -32 + 12 - -17.
25
-18 - (-12 + 4 + -2 - 2)
-6
Calculate (5 - 4) + 1 + 0 + -4.
-2
Evaluate -6 - (-3 - ((-2 - 0) + -13 + 6)).
-12
What is the value of 27 + (-41 - 7) + 12?
-9
What is the value of 59 + (39 - 85) + -1 + 4?
16
Calculate 156 - 144 - (0 - (-1 + -5)).
6
-17 + (2 + -10 - (-228 + 234))
-31
What is 14 + 9 - 24 - (-1 - 1)?
1
Evaluate 0 + 0 + (9 - 14) - (-3 + 6).
-8
Calculate 1 + 3 - (-19 - -22) - (1 - -18).
-18
What is the value of 64 + -32 - 34 - (-2 - -3 - 0)?
-3
-11 + 3 + -1 + 7
-2
22 + (-31 - -20) + (-20 - 2)
-11
What is the value of -7 + (0 - (10 - 19)) + 0 + -5?
-3
Calculate 16 + (-1 - (0 - 9) - 16).
8
-55 + 45 - (10 + -2) - -10
-8
What is (-9 - 1 - (-19 - -15) - -13) + -11?
-4
What is 21 + -16 + (-27 - -15)?
-7
What is the value of -5 + -8 - (-120 - -130)?
-23
Evaluate (-4 - 0) + (16 - 1) + 7.
18
Calculate -12 + (-16 - -11 - -15).
-2
What is 10 + -3 + (10 - 3)?
14
Evaluate 31 + -43 - (8 - 17).
-3
What is the value of (-12 - -11) + -2 + 1 - (-2 + -5)?
5
Evaluate 10 - (-10 + (-14 - -38) + -10).
6
Evaluate 1 - (0 - -4) - (-6 +